 are the prime factors of 8306056294?
2, 47, 88362301
What are the prime factors of 744323059?
744323059
List the prime factors of 65164088.
2, 11, 41, 18061
What are the prime factors of 46675398?
2, 3, 7, 11, 31, 3259
What are the prime factors of 5139473180?
2, 5, 256973659
What are the prime factors of 69275997?
3, 7, 1099619
List the prime factors of 3304016857.
41, 47, 1714591
What are the prime factors of 2778858?
2, 3, 263, 587
What are the prime factors of 53780901?
3, 269, 66643
List the prime factors of 39173868.
2, 3, 120907
What are the prime factors of 198024158?
2, 23, 499, 8627
List the prime factors of 45216654.
2, 3, 7, 1076587
What are the prime factors of 119686644?
2, 3, 7, 11, 43177
List the prime factors of 119054420.
2, 5, 5952721
What are the prime factors of 44915802?
2, 3, 17, 25903
List the prime factors of 378072452.
2, 17, 5559889
List the prime factors of 1430398258.
2, 17, 6091, 6907
List the prime factors of 627734133.
3, 13, 173, 31013
What are the prime factors of 169047811?
169047811
List the prime factors of 929266447.
23, 31, 131, 9949
List the prime factors of 525395058.
2, 3, 1667, 52529
What are the prime factors of 112238767?
173, 648779
List the prime factors of 38946410.
2, 5, 139, 28019
What are the prime factors of 169262972?
2, 42315743
List the prime factors of 690441617.
479, 1441423
List the prime factors of 3125014916.
2, 41, 19054969
What are the prime factors of 19847867?
13, 117443
List the prime factors of 3155909661.
3, 6701, 17443
List the prime factors of 44945316.
2, 3, 13, 137, 701
What are the prime factors of 4252486245?
3, 5, 7, 40499869
What are the prime factors of 378683244?
2, 3, 10518979
List the prime factors of 4659194791.
83, 421, 133337
What are the prime factors of 7352402?
2, 3676201
What are the prime factors of 2358344149?
7, 41, 8217227
What are the prime factors of 32723247?
3, 10907749
What are the prime factors of 20159255?
5, 151, 26701
What are the prime factors of 5093694?
2, 3, 43, 6581
What are the prime factors of 2634481448?
2, 329310181
List the prime factors of 178568779.
823, 216973
List the prime factors of 44945786.
2, 79, 284467
What are the prime factors of 29070724?
2, 163, 44587
What are the prime factors of 94167143?
7, 3181, 4229
What are the prime factors of 3819093095?
5, 17, 2642971
List the prime factors of 355399229.
17, 197, 106121
List the prime factors of 1066837738.
2, 3761, 141829
What are the prime factors of 37541714?
2, 7, 227, 11813
List the prime factors of 3667934643.
3, 3119, 391999
What are the prime factors of 154271000?
2, 5, 13, 11867
What are the prime factors of 224602487?
17, 101, 130811
What are the prime factors of 1696890043?
1696890043
What are the prime factors of 1059127919?
4463, 237313
List the prime factors of 478757532.
2, 3, 11, 3626951
List the prime factors of 159135887.
19, 2633, 3181
What are the prime factors of 65484894?
2, 3, 37, 97, 3041
List the prime factors of 9116141.
269, 33889
What are the prime factors of 59053828?
2, 14763457
What are the prime factors of 2214763430?
2, 5, 11, 619, 2957
What are the prime factors of 203155515?
3, 5, 4514567
What are the prime factors of 4295295995?
5, 29, 29622731
What are the prime factors of 117963476?
2, 17, 19, 91303
What are the prime factors of 31018993?
31018993
List the prime factors of 162015440.
2, 5, 17, 119129
List the prime factors of 114445307.
157, 4643
List the prime factors of 2726746948.
2, 681686737
List the prime factors of 136496600.
2, 5, 682483
List the prime factors of 33667714.
2, 16833857
List the prime factors of 804644824.
2, 797, 126199
List the prime factors of 21165767.
7, 3023681
List the prime factors of 2154911046.
2, 3, 41, 587, 14923
List the prime factors of 138238908.
2, 3, 19, 606311
What are the prime factors of 4865122933?
11, 37, 131, 91249
List the prime factors of 216471768.
2, 3, 23, 392159
What are the prime factors of 188508841?
188508841
What are the prime factors of 804603761?
13, 17, 103, 2719
List the prime factors of 796073730.
2, 3, 5, 26535791
List the prime factors of 336878534.
2, 1439, 117053
What are the prime factors of 499718931?
3, 503, 331159
What are the prime factors of 198223203?
3, 89, 742409
What are the prime factors of 58541872?
2, 3658867
What are the prime factors of 268872243?
3, 71, 1262311
List the prime factors of 371607274.
2, 23, 53, 152423
List the prime factors of 69305034.
2, 3, 109, 105971
List the prime factors of 27946730.
2, 5, 7, 399239
List the prime factors of 143408731.
229, 626239
What are the prime factors of 52024722?
2, 3, 2557, 3391
List the prime factors of 43567695.
3, 5, 769, 1259
What are the prime factors of 109057656?
2, 3, 113, 40213
List the prime factors of 62931950.
2, 5, 1258639
What are the prime factors of 1509960279?
3, 2801, 179693
List the prime factors of 72200449.
89, 811241
What are the prime factors of 24702859?
149, 317, 523
List the prime factors of 2104539302.
2, 79, 13319869
List the prime factors of 68851536.
2, 3, 13, 110339
What are the prime factors of 179963270?
2, 5, 23, 29, 26981
What are the prime factors of 19081846?
2, 7, 1362989
What are the prime factors of 132836138?
2, 66418069
What are the prime factors of 421199398?
2, 210599699
List the prime factors of 378116571.
3, 7, 2287, 7873
List the prime factors of 167069628.
2, 3, 11, 46877
What are the prime factors of 9252487?
19, 281, 1733
List the prime factors of 356774270.
2, 5, 53, 79, 8521
List the prime factors of 3254241131.
19, 37, 47, 98491
List the prime factors of 107692936.
2, 13, 59, 17551
List the prime factors of 2181031154.
2, 1090515577
What are the prime factors of 2151274636?
2, 7, 29, 31, 421
List the prime factors of 1607646507.
3, 535882169
List the prime factors of 500134574.
2, 2473, 101119
List the prime factors of 725610888.
2, 3, 197, 51157
What are the prime factors of 12682943?
7, 13, 71, 151
What are the prime factors of 39735735?
3, 5, 13, 203773
List the prime factors of 257622000.
2, 3, 5, 42937
What are the prime factors of 3705236219?
31, 119523749
What are the prime factors of 943230268?
2, 8963, 26309
List the prime factors of 2602922966.
2, 7, 41, 4534709
List the prime factors of 1898094891.
3, 7, 11, 463, 17747
What are the prime factors of 6781614645?
3, 5, 13, 823, 42257
List the prime factors of 130941314.
2, 7, 2593, 3607
List the prime factors of 675067239.
3, 7, 11, 974123
What are the prime factors of 1017927398?
2, 157, 3241807
List the prime factors of 293188.
2, 7, 37, 283
What are the prime factors of 62151232?
2, 11, 13, 6791
List the prime factors of 37667877.
3, 13, 965843
What are the prime factors of 199614142?
2, 7, 13, 156683
List the prime factors of 5571957.
3, 23, 3511
What are the prime factors of 1568687582?
2, 7, 11, 10186283
What are the prime factors of 186715509?
3, 613, 101531
List the prime factors of 6030626799.
3, 2010208933
List the prime factors of 553272568.
2, 69159071
List the prime factors of 41126993.
53, 61, 12721
What are the prime factors of 54660588?
2, 3, 4555049
What are the prime factors of 4306742486?
2, 43, 1873, 26737
List the prime factors of 15725509.
41, 383549
List the prime factors of 381502159.
19, 20079061
List the prime factors of 393961203.
3, 43773467
What are the prime factors of 5267751?
3, 653, 2689
List the prime factors of 3708849055.
5, 741769811
List the prime factors of 2870876908.
2, 41, 17505347
List the prime factors of 168143528.
2, 7, 73, 41131
What are the prime factors of 24355861?
24355861
List the prime factors of 14927585.
5, 31, 193, 499
What are the prime factors of 903361390?
2, 5, 31, 59, 49391
What are the prime factors of 108723354?
2, 3, 18120559
What are the prime factors of 488879620?
2, 5, 61, 400721
What are the prime factors of 30185429?
30185429
List the prime factors of 742427022.
2, 3, 123737837
List the prime factors of 42992537.
7, 6141791
List the prime factors of 205618.
2, 7, 19, 773
What are the prime factors of 233044519?
19, 409, 29989
What are the prime factors of 27065931?
3, 9021977
List the prime factors of 996263955.
3, 5, 19, 129469
What are the prime factors of 337153208?
2, 7, 373, 16141
What are the prime factors of 200482302?
2, 3, 3341